 the remainder when 1099 is divided by 110?
109
What is the remainder when 927 is divided by 29?
28
Calculate the remainder when 1102 is divided by 55.
2
What is the remainder when 3273 is divided by 26?
23
What is the remainder when 134 is divided by 9?
8
What is the remainder when 1399 is divided by 51?
22
Calculate the remainder when 309 is divided by 103.
0
What is the remainder when 585 is divided by 265?
55
Calculate the remainder when 101 is divided by 65.
36
What is the remainder when 40 is divided by 7?
5
What is the remainder when 110 is divided by 62?
48
What is the remainder when 328 is divided by 47?
46
What is the remainder when 296 is divided by 51?
41
Calculate the remainder when 6210 is divided by 55.
50
Calculate the remainder when 1346 is divided by 85.
71
What is the remainder when 97 is divided by 25?
22
What is the remainder when 978 is divided by 123?
117
Calculate the remainder when 662 is divided by 161.
18
What is the remainder when 16527 is divided by 114?
111
What is the remainder when 1045 is divided by 1039?
6
What is the remainder when 98 is divided by 34?
30
What is the remainder when 490 is divided by 83?
75
What is the remainder when 65 is divided by 15?
5
What is the remainder when 2766 is divided by 198?
192
Calculate the remainder when 48 is divided by 3.
0
What is the remainder when 1134 is divided by 67?
62
What is the remainder when 575 is divided by 30?
5
Calculate the remainder when 201 is divided by 108.
93
Calculate the remainder when 157 is divided by 20.
17
What is the remainder when 208 is divided by 86?
36
What is the remainder when 293 is divided by 95?
8
Calculate the remainder when 176 is divided by 33.
11
Calculate the remainder when 62 is divided by 4.
2
Calculate the remainder when 2027 is divided by 68.
55
What is the remainder when 109 is divided by 43?
23
Calculate the remainder when 25227 is divided by 53.
52
What is the remainder when 201 is divided by 100?
1
Calculate the remainder when 254 is divided by 30.
14
Calculate the remainder when 328 is divided by 30.
28
Calculate the remainder when 568 is divided by 148.
124
Calculate the remainder when 206 is divided by 69.
68
What is the remainder when 9 is divided by 6?
3
Calculate the remainder when 497 is divided by 25.
22
Calculate the remainder when 277 is divided by 40.
37
What is the remainder when 279 is divided by 119?
41
Calculate the remainder when 321 is divided by 14.
13
What is the remainder when 1280 is divided by 67?
7
What is the remainder when 1287 is divided by 46?
45
What is the remainder when 91 is divided by 50?
41
Calculate the remainder when 559 is divided by 20.
19
Calculate the remainder when 183 is divided by 52.
27
Calculate the remainder when 351 is divided by 89.
84
Calculate the remainder when 1354 is divided by 8.
2
What is the remainder when 1552 is divided by 74?
72
Calculate the remainder when 412 is divided by 19.
13
Calculate the remainder when 2169 is divided by 62.
61
What is the remainder when 156 is divided by 1?
0
Calculate the remainder when 646 is divided by 26.
22
Calculate the remainder when 519 is divided by 87.
84
Calculate the remainder when 157 is divided by 11.
3
Calculate the remainder when 77 is divided by 10.
7
Calculate the remainder when 3083 is divided by 1525.
33
What is the remainder when 1175 is divided by 131?
127
Calculate the remainder when 2573 is divided by 184.
181
What is the remainder when 1545 is divided by 91?
89
What is the remainder when 2104 is divided by 13?
11
Calculate the remainder when 15 is divided by 7.
1
What is the remainder when 177 is divided by 18?
15
What is the remainder when 67 is divided by 16?
3
Calculate the remainder when 266 is divided by 137.
129
Calculate the remainder when 292 is divided by 55.
17
Calculate the remainder when 110 is divided by 16.
14
Calculate the remainder when 91 is divided by 12.
7
What is the remainder when 212 is divided by 31?
26
Calculate the remainder when 168 is divided by 35.
28
What is the remainder when 567 is divided by 12?
3
What is the remainder when 250 is divided by 14?
12
Calculate the remainder when 143 is divided by 90.
53
Calculate the remainder when 69 is divided by 45.
24
What is the remainder when 24345 is divided by 94?
93
What is the remainder when 285 is divided by 14?
5
What is the remainder when 2240 is divided by 187?
183
Calculate the remainder when 207 is divided by 13.
12
Calculate the remainder when 365 is divided by 91.
1
Calculate the remainder when 704 is divided by 155.
84
Calculate the remainder when 78 is divided by 20.
18
Calculate the remainder when 1006 is divided by 91.
5
Calculate the remainder when 27 is divided by 3.
0
What is the remainder when 299 is divided by 5?
4
Calculate the remainder when 77 is divided by 18.
5
Calculate the remainder when 731 is divided by 87.
35
Calculate the remainder when 2429 is divided by 37.
24
What is the remainder when 176 is divided by 55?
11
What is the remainder when 282 is divided by 19?
16
Calculate the remainder when 417 is divided by 105.
102
What is the remainder when 528 is divided by 23?
22
Calculate the remainder when 104 is divided by 46.
12
What is the remainder when 104 is divided by 42?
20
Calculate the remainder when 16521 is divided by 18.
15
Calculate the remainder when 19 is divided by 16.
3
Calculate the remainder when 10657 is divided by 4.
1
Calculate the remainder when 55 is divided by 47.
8
Calculate the remainder when 97 is divided by 49.
48
Calculate the remainder when 3339 is divided by 304.
299
Calculate the remainder when 60 is divided by 22.
16
What is the remainder when 82 is divided by 13?
4
Calculate the remainder when 2541 is divided by 54.
3
Calculate the remainder when 3956 is divided by 198.
194
What is the remainder when 40 is divided by 37?
3
Calculate the remainder when 109 is divided by 23.
17
What is the remainder when 40598 is divided by 290?
288
Calculate the remainder when 194 is divided by 8.
2
What is the remainder when 890 is divided by 232?
194
Calculate the remainder when 647 is divided by 30.
17
Calculate the remainder when 799 is divided by 100.
99
Calculate the remainder when 1401 is divided by 82.
7
Calculate the remainder when 1758 is divided by 14.
8
What is the remainder when 1663 is divided by 98?
95
What is the remainder when 586 is divided by 59?
55
Calculate the remainder when 56 is divided by 15.
11
What is the remainder when 41 is divided by 11?
8
What is the remainder when 201 is divided by 196?
5
Calculate the remainder when 55 is divided by 7.
6
What is the remainder when 113 is divided by 50?
13
What is the remainder when 60 is divided by 17?
9
What is the remainder when 1176 is divided by 37?
29
What is the remainder when 149 is divided by 19?
16
Calculate the remainder when 300 is divided by 76.
72
Calculate the remainder when 33 is divided by 9.
6
What is the remainder when 1033 is divided by 29?
18
What is the remainder when 2758 is divided by 120?
118
What is the remainder when 925 is divided by 132?
1
Calculate the remainder when 4155 is divided by 80.
75
Calculate the remainder when 751 is divided by 121.
25
What is the remainder when 667 is divided by 220?
7
What is the remainder when 184 is divided by 168?
16
What is the remainder when 829 is divided by 16?
13
What is the remainder when 504 is divided by 13?
10
What is the remainder when 843 is divided by 824?
19
What is the remainder when 88 is divided by 63?
25
What is the remainder when 341 is divided by 113?
2
Calculate the remainder when 144 is divided by 83.
61
Calculate the remainder when 270 is divided by 34.
32
Calculate the remainder when 590 is divided by 32.
14
Calculate the remainder when 334 is divided by 36.
10
Calculate the remainder when 1697 is divided by 14.
3
What is the remainder when 512 is divided by 76?
56
Calculate the remainder when 131 is divided by 18.
5
What is the remainder when 642 is divided by 214?
0
What is the remainder when 140 is divided by 17?
4
Calculate the remainder when 79 is divided by 41.
38
Calculate the remainder when 177 is divided by 15.
12
Calculate the remainder when 127 is divided by 63.
1
Calculate the remainder when 101 is divided by 51.
50
Calculate the remainder wh